{"id":19065,"date":"2021-11-21T20:18:01","date_gmt":"2021-11-21T19:18:01","guid":{"rendered":"https:\/\/ksanet.es\/?page_id=19065"},"modified":"2021-11-21T20:24:54","modified_gmt":"2021-11-21T19:24:54","slug":"politica-de-cookies","status":"publish","type":"page","link":"https:\/\/ksanet.es\/index.php\/politica-de-cookies\/","title":{"rendered":"Pol\u00edtica de Cookies"},"content":{"rendered":"\n<p>POL\u00cdTICA DE COOKIES<\/p>\n\n\n\n<p>Las cookies son archivos o dispositivos que se descargan en el equipo terminal al acceder a determinadas p\u00e1ginas web. Entre otros, las cookies permiten almacenar y recuperar informaci\u00f3n o datos por las entidades responsables de su instalaci\u00f3n sobre los h\u00e1bitos de navegaci\u00f3n de los usuarios o de sus equipos y, dependiendo de la informaci\u00f3n que \u00e9stas contengan y de la forma en que se utilice el equipo, pueden identificar a un usuario. Las cookies no contienen una clase de informaci\u00f3n espec\u00edfica y la mayor parte de ellas se borran del disco duro al finalizar la sesi\u00f3n del navegador utilizado. Este tipo de cookies se denominan <strong>cookies de sesi\u00f3n<\/strong>.<\/p>\n\n\n\n<p>Las <strong>cookies persistentes<\/strong>, sin embargo, son aquellas que se almacenan en el disco duro de nuestro sistema y se leen cada vez que se visita nuestra p\u00e1gina Web. A estos datos, el responsable de las cookies puede acceder durante un periodo de tiempo determinado por \u00e9ste, y una vez expirado tal periodo, la cookie se elimina.<\/p>\n\n\n\n<p>\u00bfQU\u00c9 TIPOS DE COOKIES UTILIZA ESTA WEB?<\/p>\n\n\n\n<ul class=\"wp-block-list\"><li><strong>Cookies t\u00e9cnicas<\/strong>. Son aquellas necesarias para la navegaci\u00f3n y el buen funcionamiento de nuestra p\u00e1gina Web, as\u00ed como la utilizaci\u00f3n de diferentes servicios de los datos; acceder a partes de acceso restringido; identificar la sesi\u00f3n; realizar el proceso de compra de un pedido o la contrataci\u00f3n de los servicios, recordando el contenido de los mismos; utilizar elementos de seguridad durante la navegaci\u00f3n; almacenar contenidos para la difusi\u00f3n de v\u00eddeos o sonidos o comparte contenidos a trav\u00e9s de redes sociales.<\/li><li><strong>Cookies de an\u00e1lisis<\/strong>. Son aquellas que, bien tratadas por nosotros o terceros, nos permiten cuantificar el n\u00famero de usuarios y, haciendo uso de ellas, realizar la medici\u00f3n y an\u00e1lisis estad\u00edstico de la utilizaci\u00f3n que hacen los usuarios de los servicios ofertados a trav\u00e9s del seguimiento y an\u00e1lisis del comportamiento de los usuarios. Para ello, se analiza su navegaci\u00f3n en nuestra p\u00e1gina Web, con el fin de mejorar la oferta de productos o servicios que le ofrecemos.<\/li><li><strong>Cookies publicitarias<\/strong>. Son aquellas que, bien tratadas por nosotros o por terceros, nos permiten gestionar, de la forma m\u00e1s eficaz posible, la oferta de espacios publicitarios que hay en la p\u00e1gina Web, adecuando el contenido del anuncio al contenido de los servicios solicitados o al uso que realice de nuestra p\u00e1gina Web.<\/li><li><strong>Cookies de publicidad comportamental<\/strong>. Son aquellas que permiten la gesti\u00f3n de los espacios publicitarios que el editor haya incluido en la p\u00e1gina web, aplicaci\u00f3n o plataforma, de la forma m\u00e1s eficaz posible. Estas cookies almacenan informaci\u00f3n acerca del comportamiento de los usuarios, obteni\u00e9ndola mediante la observaci\u00f3n continuada de sus h\u00e1bitos de navegaci\u00f3n, permitiendo elaborar un perfil espec\u00edfico para mostrar la publicidad en funci\u00f3n de tal perfil.<\/li><li><strong>Cookies de personalizaci\u00f3n<\/strong>. Son aquellas que permiten a un usuario acceder al servicio con algunas circunstancias de car\u00e1cter general predefinidas en funci\u00f3n de una serie de criterios en el terminal del usuario. Por ejemplo, el idioma, el tipo de navegaci\u00f3n a trav\u00e9s del cual se accede,\u2026<\/li><\/ul>\n\n\n\n<p>Nuestra p\u00e1gina Web puede utilizar cookies de terceros, las cuales recopilar\u00e1n informaci\u00f3n con fines estad\u00edsticos, de uso de la Web por parte del usuario, y para la prestaci\u00f3n de otros servicios relacionados con la actividad de la Web y otros servicios de Internet. El uso de las cookies de esta p\u00e1gina Web se realiza por cuenta de:<\/p>\n\n\n\n<p>Ejemplo<\/p>\n\n\n\n<figure class=\"wp-block-table\"><table><tbody><tr><td>NOMBRE<\/td><td>CADUCIDAD<\/td><td>FINALIDAD<\/td><td>\u00bfCU\u00c1NDO?<\/td><td>PROPIA\/TERCEROS<\/td><\/tr><tr><td>Cookie1<\/td><td>2 a\u00f1os<\/td><td>Realizar las estad\u00edsticas de uso del Sitio Web. (M\u00e1s detalles en la Pol\u00edtica de privacidad de Google)<\/td><td>Cuando accede al Sitio Web<\/td><td>Terceros (Google)<\/td><\/tr><tr><td>Cokie2<\/td><td>30 minutos<\/td><td>Cookies requeridos por nuestro software de blogs y mantienen informaci\u00f3n personal identificable<\/td><td>Cuando accede al Sitio Web<\/td><td>Terceros (wordpress)<\/td><\/tr><tr><td>Cookie3<\/td><td>Al finalizar la sesi\u00f3n<\/td><td>&nbsp;<\/td><td>Cuando accede al Sitio Web<\/td><td>Terceros (\u2026)<\/td><\/tr><\/tbody><\/table><\/figure>\n\n\n\n<p>El usuario acepta expresamente el tratamiento de la informaci\u00f3n recabada en la forma y con los fines anteriormente explicados por el mero hecho de utilizar esta Web. Del mismo modo, reconoce el conocimiento de la posibilidad de rechazar el tratamiento de los datos o uso de las cookies, mediante la configuraci\u00f3n apropiada en su navegador, lo cual podr\u00eda suponer el acceso restringido o no permitir un uso pleno de todas las funcionalidades de la Web. Es decir, si un usuario decide eliminar o bloquear el uso de las cookies utilizadas por nuestra p\u00e1gina Web, acepta y asume que ciertas finalidades o servicios o la funcionalidad de la Web podr\u00edan quedar obsoletos.<\/p>\n\n\n\n<p>Para proceder a retirar el consentimiento anteriormente prestado, el usuario deber\u00e1 eliminar las cookies almacenadas en su equipo a trav\u00e9s de los ajustes y configuraciones ajustadas a su navegador. En caso de no configurar el navegador con el uso de las cookies, nuestro sistema crear\u00e1 cookies autom\u00e1ticamente al acceder a nuestra p\u00e1gina Web.<\/p>\n\n\n\n<p>Puede gestionar el uso de las cookies a trav\u00e9s del navegador. En los siguientes enlaces, podr\u00e1 encontrar informaci\u00f3n sobre las cookies instaladas, o permitir o bloquear su uso, as\u00ed como eliminar las ya instaladas, haciendo click en el navegador utilizado:<\/p>\n\n\n\n<ul class=\"wp-block-list\"><li>Para m\u00e1s informaci\u00f3n sobre Mozilla Firefox, pulse <strong><u><a href=\"https:\/\/support.mozilla.org\/es\/kb\/proteccion-antirrastreo-mejorada-en-firefox-para-e\">aqu\u00ed<\/a><\/u><\/strong><\/li><li>Para m\u00e1s informaci\u00f3n sobre Google Chrome, pulse <strong><u><a href=\"https:\/\/support.google.com\/chrome\/answer\/95647?hl=es&amp;co=GENIE.Platform=Desktop\">aqu\u00ed<\/a><\/u><\/strong><\/li><li>Para m\u00e1s informaci\u00f3n sobre Safari, pulse <strong><u><a href=\"https:\/\/support.apple.com\/es-es\/guide\/safari\/sfri11471\/mac\">aqu\u00ed<\/a><\/u><\/strong><\/li><li>Para m\u00e1s informaci\u00f3n sobre Microsoft Edge, pulse <strong><u><a href=\"https:\/\/support.microsoft.com\/es-es\/windows\/eliminar-y-administrar-cookies-168dab11-0753-043d-7c16-ede5947fc64d\">aqu\u00ed<\/a><\/u><\/strong><\/li><li>Para m\u00e1s informaci\u00f3n sobre Internet Explorer, pulse <strong><u><a href=\"https:\/\/support.microsoft.com\/es-es\/topic\/c%C3%B3mo-eliminar-archivos-de-cookies-en-internet-explorer-bca9446f-d873-78de-77ba-d42645fa52fc\" title=\"https:\/\/support.microsoft.com\/es-es\/windows\/eliminar-y-administrar-cookies-168dab11-0753-043d-7c16-ede5947fc64d\">aqu\u00ed<\/a><\/u><\/strong><\/li><\/ul>\n\n\n\n<p>Es posible que GESTI\u00d3N VIRTUAL KSASNET S.L. actualice o modifique la presente Pol\u00edtica de Cookies aplicable a su p\u00e1gina Web, por lo que se recomienda revisar la pol\u00edtica de cookies cada vez que se acceda al sitio Web, con el fin de mantenerse informado de la pol\u00edtica aplicable en cada momento y conocer las cookies utilizadas y sus finalidades.<\/p>\n","protected":false},"excerpt":{"rendered":"<p>POL\u00cdTICA DE COOKIES Las cookies son archivos o dispositivos que se descargan en el equipo terminal al acceder a determinadas p\u00e1ginas web. Entre otros, las cookies permiten almacenar y recuperar informaci\u00f3n o datos por las entidades responsables de su instalaci\u00f3n sobre los h\u00e1bitos de navegaci\u00f3n de los usuarios o de sus equipos y, dependiendo de la informaci\u00f3n que \u00e9stas contengan y de la forma &#8230;<\/p>\n","protected":false},"author":1,"featured_media":0,"parent":0,"menu_order":0,"comment_status":"closed","ping_status":"closed","template":"","meta":{"inline_featured_image":false,"_monsterinsights_skip_tracking":false,"_monsterinsights_sitenote_active":false,"_monsterinsights_sitenote_note":"","_monsterinsights_sitenote_category":0,"footnotes":""},"class_list":["post-19065","page","type-page","status-publish","hentry"],"aioseo_notices":[],"_links":{"self":[{"href":"https:\/\/ksanet.es\/index.php\/wp-json\/wp\/v2\/pages\/19065","targetHints":{"allow":["GET"]}}],"collection":[{"href":"https:\/\/ksanet.es\/index.php\/wp-json\/wp\/v2\/pages"}],"about":[{"href":"https:\/\/ksanet.es\/index.php\/wp-json\/wp\/v2\/types\/page"}],"author":[{"embeddable":true,"href":"https:\/\/ksanet.es\/index.php\/wp-json\/wp\/v2\/users\/1"}],"replies":[{"embeddable":true,"href":"https:\/\/ksanet.es\/index.php\/wp-json\/wp\/v2\/comments?post=19065"}],"version-history":[{"count":2,"href":"https:\/\/ksanet.es\/index.php\/wp-json\/wp\/v2\/pages\/19065\/revisions"}],"predecessor-version":[{"id":19069,"href":"https:\/\/ksanet.es\/index.php\/wp-json\/wp\/v2\/pages\/19065\/revisions\/19069"}],"wp:attachment":[{"href":"https:\/\/ksanet.es\/index.php\/wp-json\/wp\/v2\/media?parent=19065"}],"curies":[{"name":"wp","href":"https:\/\/api.w.org\/{rel}","templated":true}]}}