{"id":18153,"date":"2014-05-24T13:54:01","date_gmt":"2014-05-24T13:54:01","guid":{"rendered":"http:\/\/wpresidence.net\/?page_id=13"},"modified":"2024-02-26T11:52:13","modified_gmt":"2024-02-26T10:52:13","slug":"privacy-policy-2","status":"publish","type":"page","link":"https:\/\/ksanet.es\/index.php\/privacy-policy-2\/","title":{"rendered":"Pol\u00edtica de privacidad"},"content":{"rendered":"<p><strong><u>TRATAMIENTO DE DATOS DE CLIENTES<\/u><\/strong><\/p>\n<p><strong>Clausula informativa<\/strong>:<\/p>\n<p>Datos del responsable del tratamiento:<\/p>\n<p>Identidad: GESTI\u00d3N VIRTUAL KSASNET S.L. &#8211; NIF: B86384120<\/p>\n<p>Direcci\u00f3n postal: Calle Marie Curie 7, edificio beta, oficina 3.3, 28521, Rivas-Vaciamadrid, Madrid<\/p>\n<p>Tel\u00e9fono: 916666608 &#8211; Correo electr\u00f3nico: hola@ksanet.es<\/p>\n<p>\u201cEn GESTI\u00d3N VIRTUAL KSASNET S.L. tratamos la informaci\u00f3n que nos facilita con el fin de prestarles el servicio solicitado y realizar su facturaci\u00f3n. Los datos proporcionados se conservar\u00e1n mientras se mantenga la relaci\u00f3n comercial o durante el tiempo necesario para cumplir con las obligaciones legales y atender las posibles responsabilidades que pudieran derivar del cumplimiento de la finalidad para la que los datos fueron recabados. Los datos no se ceder\u00e1n a terceros salvo en los casos en que exista una obligaci\u00f3n legal. Usted tiene derecho a obtener informaci\u00f3n sobre si en GESTI\u00d3N VIRTUAL KSASNET S.L. estamos tratando sus datos personales, por lo que puede ejercer sus derechos de acceso, rectificaci\u00f3n, supresi\u00f3n y portabilidad de datos y oposici\u00f3n y limitaci\u00f3n a su tratamiento ante GESTI\u00d3N VIRTUAL KSASNET S.L., Calle Mariano Barbacid 5, planta 2, oficina 6, 28521, Rivas-Vaciamadrid, Madrid o en la direcci\u00f3n de correo electr\u00f3nico hola@ksanet.es, adjuntando copia de su DNI o documento equivalente.\u00a0 Asimismo, y especialmente si considera que no ha obtenido satisfacci\u00f3n plena en el ejercicio de sus derechos, podr\u00e1 presentar una reclamaci\u00f3n ante la autoridad nacional de control dirigi\u00e9ndose a estos efectos a la Agencia Espa\u00f1ola de Protecci\u00f3n de Datos, C\/ Jorge Juan, 6 \u2013 28001 Madrid.<\/p>\n<p><strong><u>TRATAMIENTO DE DATOS DE POTENCIALES CLIENTES<\/u><\/strong><\/p>\n<p><strong>Clausula informativa<\/strong>:<\/p>\n<p>Datos del responsable del tratamiento:<\/p>\n<p>Identidad: GESTI\u00d3N VIRTUAL KSASNET S.L. &#8211; NIF: B86384120<\/p>\n<p>Direcci\u00f3n postal: Calle Marie Curie 7, edificio beta, oficina 3.3, 28521, Rivas-Vaciamadrid, Madrid<\/p>\n<p>Tel\u00e9fono: 916666608 &#8211; Correo electr\u00f3nico: hola@ksanet.es<\/p>\n<p>\u201cEn GESTI\u00d3N VIRTUAL KSASNET S.L. tratamos la informaci\u00f3n que nos facilita con el fin de prestarles el servicio solicitado o enviare la informaci\u00f3n requerida. Los datos proporcionados se conservar\u00e1n mientras no nos solicite el cese de la actividad. Los datos no se ceder\u00e1n a terceros salvo en los casos en que exista una obligaci\u00f3n legal. Usted tiene derecho a obtener informaci\u00f3n sobre si en GESTI\u00d3N VIRTUAL KSASNET S.L. estamos tratando sus datos personales, por lo que puede ejercer sus derechos de acceso, rectificaci\u00f3n, supresi\u00f3n y portabilidad de datos y oposici\u00f3n y limitaci\u00f3n a su tratamiento ante GESTI\u00d3N VIRTUAL KSASNET S.L., Calle Marie Curie 7, edificio beta, oficina 3.3, 28521, Rivas-Vaciamadrid, Madrid, o en la direcci\u00f3n de correo electr\u00f3nico hola@ksanet.es, adjuntando copia de su DNI o documento equivalente. Asimismo, y especialmente si considera que no ha obtenido satisfacci\u00f3n plena en el ejercicio de sus derechos, podr\u00e1 presentar una reclamaci\u00f3n ante la autoridad nacional de control dirigi\u00e9ndose a estos efectos a la Agencia Espa\u00f1ola de Protecci\u00f3n de Datos, C\/ Jorge Juan, 6 \u2013 28001 Madrid.<\/p>\n<p>Asimismo, solicitamos su autorizaci\u00f3n para enviarle publicidad relacionada con nuestros productos y servicios por cualquier medio (postal, email o tel\u00e9fono) e invitarle a eventos organizados por la empresa.\u201d<\/p>\n","protected":false},"excerpt":{"rendered":"<p>TRATAMIENTO DE DATOS DE CLIENTES Clausula informativa: Datos del responsable del tratamiento: Identidad: GESTI\u00d3N VIRTUAL KSASNET S.L. &#8211; NIF: B86384120 Direcci\u00f3n postal: Calle Marie Curie 7, edificio beta, oficina 3.3, 28521, Rivas-Vaciamadrid, Madrid Tel\u00e9fono: 916666608 &#8211; Correo electr\u00f3nico: hola@ksanet.es \u201cEn GESTI\u00d3N VIRTUAL KSASNET S.L. tratamos la informaci\u00f3n que nos facilita con el fin de prestarles el servicio solicitado y realizar su facturaci\u00f3n. Los datos &#8230;<\/p>\n","protected":false},"author":1,"featured_media":0,"parent":0,"menu_order":0,"comment_status":"closed","ping_status":"closed","template":"gdpr_terms.php","meta":{"inline_featured_image":false,"_monsterinsights_skip_tracking":false,"_monsterinsights_sitenote_active":false,"_monsterinsights_sitenote_note":"","_monsterinsights_sitenote_category":0,"footnotes":""},"class_list":["post-18153","page","type-page","status-publish","hentry"],"aioseo_notices":[],"_links":{"self":[{"href":"https:\/\/ksanet.es\/index.php\/wp-json\/wp\/v2\/pages\/18153","targetHints":{"allow":["GET"]}}],"collection":[{"href":"https:\/\/ksanet.es\/index.php\/wp-json\/wp\/v2\/pages"}],"about":[{"href":"https:\/\/ksanet.es\/index.php\/wp-json\/wp\/v2\/types\/page"}],"author":[{"embeddable":true,"href":"https:\/\/ksanet.es\/index.php\/wp-json\/wp\/v2\/users\/1"}],"replies":[{"embeddable":true,"href":"https:\/\/ksanet.es\/index.php\/wp-json\/wp\/v2\/comments?post=18153"}],"version-history":[{"count":4,"href":"https:\/\/ksanet.es\/index.php\/wp-json\/wp\/v2\/pages\/18153\/revisions"}],"predecessor-version":[{"id":19513,"href":"https:\/\/ksanet.es\/index.php\/wp-json\/wp\/v2\/pages\/18153\/revisions\/19513"}],"wp:attachment":[{"href":"https:\/\/ksanet.es\/index.php\/wp-json\/wp\/v2\/media?parent=18153"}],"curies":[{"name":"wp","href":"https:\/\/api.w.org\/{rel}","templated":true}]}}